6?
False
Is 4026 a factor of 1199812416?
True
Does 169 divide 1401934430?
True
Is 1234 a factor of 9371318?
False
Is 65123106 a multiple of 49?
False
Is 972 a factor of 113095136?
False
Is 11 a factor of 625901133?
True
Is 1605 a factor of 365089450?
False
Does 7 divide 4350350?
False
Is 2424 a factor of 37225368?
True
Does 346 divide 737917660?
True
Does 147 divide 36556695?
True
Does 15 divide 7125112603?
False
Is 42 a factor of 5688984?
True
Is 157 a factor of 5114903?
True
Is 31 a factor of 3009686?
False
Is 28141261 a multiple of 19?
True
Is 47055564 a multiple of 37?
True
Does 3136 divide 38488127?
False
Does 306 divide 89971547?
False
Is 3368317636 a multiple of 19?
False
Does 28 divide 8076551?
False
Is 7456694 a multiple of 20?
False
Is 727955332 a multiple of 6799?
True
Is 1093 a factor of 246021184?
True
Is 7 a factor of 28363048?
True
Is 43 a factor of 413135744?
True
Is 67 a factor of 1042621237?
True
Does 33 divide 60910674?
True
Does 809 divide 553799332?
True
Does 16 divide 1206643169?
False
Does 37 divide 4032334?
True
Does 763 divide 8223808565?
True
Is 2902628245 a multiple of 387?
False
Does 2988 divide 184527038?
False
Is 605479318 a multiple of 2898?
False
Is 2140700848 a multiple of 11?
True
Does 1188 divide 2636154?
False
Is 20015597 a multiple of 43?
True
Is 1896 a factor of 35678928?
True
Does 74 divide 1941642710?
True
Is 115196450 a multiple of 10?
True
Is 233 a factor of 10649430?
False
Is 2354477055 a multiple of 2109?
True
Is 6271772 a multiple of 37?
False
Does 11 divide 16901368?
True
Does 16 divide 192962656?
True
Is 810020128 a multiple of 4?
True
Is 580 a factor of 3359861?
False
Is 21372268 a multiple of 124?
True
Is 590895052 a multiple of 22?
True
Is 164 a factor of 36636780?
True
Is 4836 a factor of 597443009?
False
Does 99 divide 51690672?
True
Is 99444526 a multiple of 156?
False
Does 17 divide 43293356?
True
Does 67 divide 22269795?
True
Is 355418100 a multiple of 2790?
True
Does 79 divide 20919684?
False
Is 59 a factor of 4697711?
False
Is 238 a factor of 136001667?
False
Is 42619152 a multiple of 24?
True
Does 121 divide 214540986?
True
Is 23 a factor of 75603369?
True
Does 39 divide 3230191?
False
Does 3062 divide 221590816?
True
Is 215324877 a multiple of 949?
False
Does 4 divide 18358668?
True
Is 2086 a factor of 70214760?
True
Is 299 a factor of 698005554?
False
Does 150 divide 450161850?
True
Is 313 a factor of 3204750034?
True
Does 23 divide 130732?
True
Is 51 a factor of 23661062?
False
Is 235072880 a multiple of 56?
True
Does 9503 divide 514259834?
False
Is 38 a factor of 122210204?
True
Does 38 divide 457296142?
True
Is 108 a factor of 27098064?
True
Is 458 a factor of 328671792?
True
Is 2541 a factor of 333632065?
False
Is 4437844212 a multiple of 38?
True
Is 20 a factor of 1310782398?
False
Does 238 divide 59033282?
True
Is 7518321 a multiple of 24?
False
Is 1955 a factor of 550372951?
False
Is 1360941209 a multiple of 816?
False
Is 8578533 a multiple of 3?
True
Is 646040700 a multiple of 6130?
True
Does 6 divide 17040877?
False
Is 5 a factor of 2138853350?
True
Is 1278 a factor of 923288?
False
Is 184 a factor of 1438229192?
True
Is 33951675 a multiple of 1133?
False
Does 12 divide 162310272?
True
Is 18 a factor of 10085568?
False
Is 1219707489 a multiple of 133?
True
Does 11 divide 11931726?
False
Is 224508944 a multiple of 5?
False
Does 86 divide 292952378?
True
Does 101 divide 70711746?
False
Is 21686241 a multiple of 205?
False
Is 1962420 a multiple of 4?
True
Is 2002894992 a multiple of 1008?
True
Does 2199 divide 31782147?
True
Is 3011 a factor of 10345796?
True
Is 40578840 a multiple of 1502?
False
Does 445 divide 104402299?
False
Is 810192389 a multiple of 1821?
False
Does 25 divide 3957275?
True
Does 71 divide 2064504346?
True
Is 3973930 a multiple of 263?
True
Is 167 a factor of 673136151?
False
Is 3608152 a multiple of 249?
False
Is 36461216 a multiple of 2186?
False
Is 42 a factor of 44647722?
True
Does 6300 divide 1110526200?
True
Is 884768642 a multiple of 177?
False
Is 280 a factor of 1928160080?
True
Is 62733420 a multiple of 135?
True
Does 193 divide 132157360?
False
Does 46 divide 2854327418?
False
Is 391309254 a multiple of 14?
True
Does 86 divide 17845941?
False
Does 828 divide 255919002?
False
Is 20071457 a multiple of 1497?
False
Does 1184 divide 1732268295?
False
Is 1256 a factor of 164608890?
False
Is 668 a factor of 540130359?
False
Is 126711710 a multiple of 249?
False
Does 2 divide 109623921?
False
Is 12 a factor of 15009835?
False
Does 787 divide 22760928?
False
Is 256 a factor of 37625600?
True
Is 5 a factor of 75420140?
True
Does 584 divide 16627648?
True
Does 112 divide 18726480?
False
Is 1073 a factor of 1130016001?
True
Is 8 a factor of 32191929?
False
Does 114 divide 458460120?
True
Is 15097936 a multiple of 2202?
False
Is 11730 a factor of 3749338711?
False
Does 3651 divide 531373842?
True
Does 1435 divide 725736852?
False
Does 2127 divide 785102827?
False
Is 54127860 a multiple of 12?
True
Does 353 divide 222580620?
True
Is 113675872 a multiple of 34?
True
Is 613 a factor of 204762229?
True
Is 111 a factor of 2757731254?
False
Is 127 a factor of 26272009?
False
Is 4925 a factor of 1458799775?
True
Is 123 a factor of 51407183?
False
Does 38 divide 622039936?
True
Is 667085172 a multiple of 3716?
True
Is 49720202 a multiple of 381?
False
Is 3366 a factor of 354221010?
True
Does 493 divide 179099254?
False
Is 14898071 a multiple of 502?
False
Is 126617125 a multiple of 16?
False
Does 5 divide 183901702?
False
Does 265 divide 13866655?
True
Does 143 divide 74553602?
False
Is 9593744 a multiple of 36?
False
Is 1100 a factor of 871267100?
True
Is 8 a factor of 11828464?
True
Is 49824853 a multiple of 8?
False
Does 208 divide 99130226?
False
Is 12 a factor of 960376060?
False
Is 8238237 a multiple of 7?
True
Is 321203887 a multiple of 971?
True
Is 118 a factor of 261828950?
False
Does 2 divide 868547?
False
Is 297 a factor of 7162452?
True
Is 38078214 a multiple of 1505?
False
Is 934 a factor of 1184170032?
True
Does 493 divide 55253961?
True
Is 963939056 a multiple of 4?
True
Does 49 divide 45981845?
True
Is 219 a factor of 4449204?
True
Is 15 a factor of 165288210?
True
Is 1102006181 a multiple of 1366?
False
Does 46 divide 661258297?
False
Does 830 divide 85956460?
True
Is 685918599 a multiple of 147?
False
Does 4461 divide 2046713224?
False
Does 147 divide 137151?
True
Does 1067 divide 23094055?
False
Is 287581470 a multiple of 21?
False
Does 162 divide 165147174?
True
Is 8572104 a multiple of 12?
True
Is 210040458 a multiple of 5?
False
Is 4 a factor of 5967343?
False
Is 112 a factor of 290338720?
True
Is 3202 a factor of 44501396?
True
Is 138 a factor of 19001634?
True
Is 204734435 a multiple of 4211?
False
Is 8121 a factor of 1000069471?
False
Is 47609964 a multiple of 6?
True
Is 10 a factor of 21890760?
True
Does 77 divide 443592408?
False
Is 21 a factor of 1497260578?
False
Does 11 divide 120194550?
False
Does 318 divide 34539778?
False
Does 288 divide 1033981160?
False
Is 19607406 a multiple of 722?
False
Does 8825 divide 858325299?
False
Is 10 a factor of 722108900?
True
Is 2673 a factor of 283068027?
True
Is 34880154 a multiple of 1199?
False
Is 38 a factor of 22150005?
False
Is 3818650 a multiple of 40?
False
Is 1657314436 a multiple of 385?
False
Is 2996397 a multiple of 150?
False
Does 18 divide 2428593429?
False
Does 10 divide 27780051?
False
Is 76 a factor of 54552151?
False
Is 11680320 a multiple of 1305?
False
Is 301094310 a multiple of 11?
True
Is 128337770 a multiple of 10?
True
Does 1228 divide 1127076710?
False
Is 72 a factor of 65374272?
True
Is 80977050 a multiple of 410?
True
Is 16522080 a multiple of 120?
True
Does 17 divide 12477891?
False
Does 540 divide 1023262534?
False
Is 9323982 a multiple of 2?
True
Is 56 a factor of 193916011?
False
Is 1244364874 a multiple of 43?
True
Does 30 divide 880831440?
True
Is 1465577640 a multiple of 122?
False
Does 6 divide 103110726?
True
Does 404 divide 2825297644?
True
Does 58 divide 195492770?
True
Is 254 a factor of 586232?
True
Does 28 divide 39390433?
False
Does 55 divide 617192136?
False
Is 6530757 a multiple of 279?
False
Does 16 divide 90662976?
True
Is 20872907 a multiple of 32?
Fa